{"id":3313,"date":"2023-05-16T15:05:27","date_gmt":"2023-05-16T15:05:27","guid":{"rendered":"https:\/\/edutalent.es\/docs\/puc-donar-de-baixa-el-meu-compte-de-collegi\/"},"modified":"2024-12-14T08:40:37","modified_gmt":"2024-12-14T08:40:37","password":"","slug":"puc-donar-de-baixa-el-meu-compte-de-collegi","status":"publish","type":"docs","link":"https:\/\/edutalent.es\/ca\/docs\/puc-donar-de-baixa-el-meu-compte-de-collegi\/","title":{"rendered":"Puc donar de baixa el meu compte de col\u00b7legi?"},"content":{"rendered":"\n<p>Per descomptat, pots donar de baixa quan vulguis, per\u00f2 no es torna el per\u00edode ja cobrat, ja que depenem de l&#8217;acc\u00e9s a les nostres dades. Aix\u00f2 s\u00ed, no se&#8217;t cobrar\u00e0 l&#8217;any que ve de nou un cop cancel\u00b7lis el teu pla.<\/p>\n","protected":false},"excerpt":{"rendered":"<p>Per descomptat, pots donar de baixa quan vulguis, per\u00f2 no es torna el per\u00edode ja cobrat, ja que depenem de l&#8217;acc\u00e9s a les nostres dades. Aix\u00f2 s\u00ed, no se&#8217;t cobrar\u00e0 l&#8217;any que ve de nou un cop cancel\u00b7lis el teu pla.<\/p>\n","protected":false},"author":2,"featured_media":0,"comment_status":"open","ping_status":"closed","template":"","meta":{"site-sidebar-layout":"default","site-content-layout":"","ast-site-content-layout":"default","site-content-style":"default","site-sidebar-style":"default","ast-global-header-display":"","ast-banner-title-visibility":"","ast-main-header-display":"","ast-hfb-above-header-display":"","ast-hfb-below-header-display":"","ast-hfb-mobile-header-display":"","site-post-title":"","ast-breadcrumbs-content":"","ast-featured-img":"","footer-sml-layout":"","theme-transparent-header-meta":"","adv-header-id-meta":"","stick-header-meta":"","header-above-stick-meta":"","header-main-stick-meta":"","header-below-stick-meta":"","astra-migrate-meta-layouts":"default","ast-page-background-enabled":"default","ast-page-background-meta":{"desktop":{"background-color":"var(--ast-global-color-4)","background-image":"","background-repeat":"repeat","background-position":"center center","background-size":"auto","background-attachment":"scroll","background-type":"","background-media":"","overlay-type":"","overlay-color":"","overlay-opacity":"","overlay-gradient":""},"tablet":{"background-color":"","background-image":"","background-repeat":"repeat","background-position":"center center","background-size":"auto","background-attachment":"scroll","background-type":"","background-media":"","overlay-type":"","overlay-color":"","overlay-opacity":"","overlay-gradient":""},"mobile":{"background-color":"","background-image":"","background-repeat":"repeat","background-position":"center center","background-size":"auto","background-attachment":"scroll","background-type":"","background-media":"","overlay-type":"","overlay-color":"","overlay-opacity":"","overlay-gradient":""}},"ast-content-background-meta":{"desktop":{"background-color":"var(--ast-global-color-5)","background-image":"","background-repeat":"repeat","background-position":"center center","background-size":"auto","background-attachment":"scroll","background-type":"","background-media":"","overlay-type":"","overlay-color":"","overlay-opacity":"","overlay-gradient":""},"tablet":{"background-color":"var(--ast-global-color-5)","background-image":"","background-repeat":"repeat","background-position":"center center","background-size":"auto","background-attachment":"scroll","background-type":"","background-media":"","overlay-type":"","overlay-color":"","overlay-opacity":"","overlay-gradient":""},"mobile":{"background-color":"var(--ast-global-color-5)","background-image":"","background-repeat":"repeat","background-position":"center center","background-size":"auto","background-attachment":"scroll","background-type":"","background-media":"","overlay-type":"","overlay-color":"","overlay-opacity":"","overlay-gradient":""}},"footnotes":""},"doc_category":[58],"doc_tag":[],"class_list":["post-3313","docs","type-docs","status-publish","hentry","doc_category-facturacio"],"year_month":"2026-04","word_count":44,"total_views":0,"reactions":{"happy":0,"normal":0,"sad":0},"author_info":{"name":"Edutalent","author_nicename":"edutalent","author_url":"https:\/\/edutalent.es\/ca\/author\/edutalent\/"},"doc_category_info":[{"term_name":"Facturaci\u00f3","term_url":"https:\/\/edutalent.es\/ca\/ayuda\/facturacio\/"}],"doc_tag_info":[],"yoast_head":"<!-- This site is optimized with the Yoast SEO plugin v27.4 - https:\/\/yoast.com\/product\/yoast-seo-wordpress\/ -->\n<title>Puc donar de baixa el meu compte de col\u00b7legi? - Edutalent<\/title>\n<meta name=\"robots\" content=\"index, follow, max-snippet:-1, max-image-preview:large, max-video-preview:-1\" \/>\n<link rel=\"canonical\" href=\"https:\/\/edutalent.es\/ca\/docs\/puc-donar-de-baixa-el-meu-compte-de-collegi\/\" \/>\n<meta property=\"og:locale\" content=\"ca_ES\" \/>\n<meta property=\"og:type\" content=\"article\" \/>\n<meta property=\"og:title\" content=\"Puc donar de baixa el meu compte de col\u00b7legi? - Edutalent\" \/>\n<meta property=\"og:description\" content=\"Per descomptat, pots donar de baixa quan vulguis, per\u00f2 no es torna el per\u00edode ja cobrat, ja que depenem de l&#8217;acc\u00e9s a les nostres dades. Aix\u00f2 s\u00ed, no se&#8217;t cobrar\u00e0 l&#8217;any que ve de nou un cop cancel\u00b7lis el teu pla.\" \/>\n<meta property=\"og:url\" content=\"https:\/\/edutalent.es\/ca\/docs\/puc-donar-de-baixa-el-meu-compte-de-collegi\/\" \/>\n<meta property=\"og:site_name\" content=\"Edutalent\" \/>\n<meta property=\"article:modified_time\" content=\"2024-12-14T08:40:37+00:00\" \/>\n<meta name=\"twitter:card\" content=\"summary_large_image\" \/>\n<script type=\"application\/ld+json\" class=\"yoast-schema-graph\">{\"@context\":\"https:\\\/\\\/schema.org\",\"@graph\":[{\"@type\":\"WebPage\",\"@id\":\"https:\\\/\\\/edutalent.es\\\/ca\\\/docs\\\/puc-donar-de-baixa-el-meu-compte-de-collegi\\\/\",\"url\":\"https:\\\/\\\/edutalent.es\\\/ca\\\/docs\\\/puc-donar-de-baixa-el-meu-compte-de-collegi\\\/\",\"name\":\"Puc donar de baixa el meu compte de col\u00b7legi? - Edutalent\",\"isPartOf\":{\"@id\":\"https:\\\/\\\/edutalent.es\\\/ca\\\/#website\"},\"datePublished\":\"2023-05-16T15:05:27+00:00\",\"dateModified\":\"2024-12-14T08:40:37+00:00\",\"breadcrumb\":{\"@id\":\"https:\\\/\\\/edutalent.es\\\/ca\\\/docs\\\/puc-donar-de-baixa-el-meu-compte-de-collegi\\\/#breadcrumb\"},\"inLanguage\":\"ca\",\"potentialAction\":[{\"@type\":\"ReadAction\",\"target\":[\"https:\\\/\\\/edutalent.es\\\/ca\\\/docs\\\/puc-donar-de-baixa-el-meu-compte-de-collegi\\\/\"]}]},{\"@type\":\"BreadcrumbList\",\"@id\":\"https:\\\/\\\/edutalent.es\\\/ca\\\/docs\\\/puc-donar-de-baixa-el-meu-compte-de-collegi\\\/#breadcrumb\",\"itemListElement\":[{\"@type\":\"ListItem\",\"position\":1,\"name\":\"Portada\",\"item\":\"https:\\\/\\\/edutalent.es\\\/ca\\\/\"},{\"@type\":\"ListItem\",\"position\":2,\"name\":\"Docs\",\"item\":\"https:\\\/\\\/edutalent.es\\\/ca\\\/docs\\\/\"},{\"@type\":\"ListItem\",\"position\":3,\"name\":\"Puc donar de baixa el meu compte de col\u00b7legi?\"}]},{\"@type\":\"WebSite\",\"@id\":\"https:\\\/\\\/edutalent.es\\\/ca\\\/#website\",\"url\":\"https:\\\/\\\/edutalent.es\\\/ca\\\/\",\"name\":\"Edutalent\",\"description\":\"SaaS application company\",\"publisher\":{\"@id\":\"https:\\\/\\\/edutalent.es\\\/ca\\\/#organization\"},\"potentialAction\":[{\"@type\":\"SearchAction\",\"target\":{\"@type\":\"EntryPoint\",\"urlTemplate\":\"https:\\\/\\\/edutalent.es\\\/ca\\\/?s={search_term_string}\"},\"query-input\":{\"@type\":\"PropertyValueSpecification\",\"valueRequired\":true,\"valueName\":\"search_term_string\"}}],\"inLanguage\":\"ca\"},{\"@type\":\"Organization\",\"@id\":\"https:\\\/\\\/edutalent.es\\\/ca\\\/#organization\",\"name\":\"Edutalent\",\"url\":\"https:\\\/\\\/edutalent.es\\\/ca\\\/\",\"logo\":{\"@type\":\"ImageObject\",\"inLanguage\":\"ca\",\"@id\":\"https:\\\/\\\/edutalent.es\\\/ca\\\/#\\\/schema\\\/logo\\\/image\\\/\",\"url\":\"https:\\\/\\\/edutalent.es\\\/wp-content\\\/uploads\\\/2023\\\/05\\\/logo-edutalent.png\",\"contentUrl\":\"https:\\\/\\\/edutalent.es\\\/wp-content\\\/uploads\\\/2023\\\/05\\\/logo-edutalent.png\",\"width\":418,\"height\":103,\"caption\":\"Edutalent\"},\"image\":{\"@id\":\"https:\\\/\\\/edutalent.es\\\/ca\\\/#\\\/schema\\\/logo\\\/image\\\/\"},\"sameAs\":[\"https:\\\/\\\/www.instagram.com\\\/edutalent.es\\\/\"]}]}<\/script>\n<!-- \/ Yoast SEO plugin. -->","yoast_head_json":{"title":"Puc donar de baixa el meu compte de col\u00b7legi? - Edutalent","robots":{"index":"index","follow":"follow","max-snippet":"max-snippet:-1","max-image-preview":"max-image-preview:large","max-video-preview":"max-video-preview:-1"},"canonical":"https:\/\/edutalent.es\/ca\/docs\/puc-donar-de-baixa-el-meu-compte-de-collegi\/","og_locale":"ca_ES","og_type":"article","og_title":"Puc donar de baixa el meu compte de col\u00b7legi? - Edutalent","og_description":"Per descomptat, pots donar de baixa quan vulguis, per\u00f2 no es torna el per\u00edode ja cobrat, ja que depenem de l&#8217;acc\u00e9s a les nostres dades. Aix\u00f2 s\u00ed, no se&#8217;t cobrar\u00e0 l&#8217;any que ve de nou un cop cancel\u00b7lis el teu pla.","og_url":"https:\/\/edutalent.es\/ca\/docs\/puc-donar-de-baixa-el-meu-compte-de-collegi\/","og_site_name":"Edutalent","article_modified_time":"2024-12-14T08:40:37+00:00","twitter_card":"summary_large_image","schema":{"@context":"https:\/\/schema.org","@graph":[{"@type":"WebPage","@id":"https:\/\/edutalent.es\/ca\/docs\/puc-donar-de-baixa-el-meu-compte-de-collegi\/","url":"https:\/\/edutalent.es\/ca\/docs\/puc-donar-de-baixa-el-meu-compte-de-collegi\/","name":"Puc donar de baixa el meu compte de col\u00b7legi? - Edutalent","isPartOf":{"@id":"https:\/\/edutalent.es\/ca\/#website"},"datePublished":"2023-05-16T15:05:27+00:00","dateModified":"2024-12-14T08:40:37+00:00","breadcrumb":{"@id":"https:\/\/edutalent.es\/ca\/docs\/puc-donar-de-baixa-el-meu-compte-de-collegi\/#breadcrumb"},"inLanguage":"ca","potentialAction":[{"@type":"ReadAction","target":["https:\/\/edutalent.es\/ca\/docs\/puc-donar-de-baixa-el-meu-compte-de-collegi\/"]}]},{"@type":"BreadcrumbList","@id":"https:\/\/edutalent.es\/ca\/docs\/puc-donar-de-baixa-el-meu-compte-de-collegi\/#breadcrumb","itemListElement":[{"@type":"ListItem","position":1,"name":"Portada","item":"https:\/\/edutalent.es\/ca\/"},{"@type":"ListItem","position":2,"name":"Docs","item":"https:\/\/edutalent.es\/ca\/docs\/"},{"@type":"ListItem","position":3,"name":"Puc donar de baixa el meu compte de col\u00b7legi?"}]},{"@type":"WebSite","@id":"https:\/\/edutalent.es\/ca\/#website","url":"https:\/\/edutalent.es\/ca\/","name":"Edutalent","description":"SaaS application company","publisher":{"@id":"https:\/\/edutalent.es\/ca\/#organization"},"potentialAction":[{"@type":"SearchAction","target":{"@type":"EntryPoint","urlTemplate":"https:\/\/edutalent.es\/ca\/?s={search_term_string}"},"query-input":{"@type":"PropertyValueSpecification","valueRequired":true,"valueName":"search_term_string"}}],"inLanguage":"ca"},{"@type":"Organization","@id":"https:\/\/edutalent.es\/ca\/#organization","name":"Edutalent","url":"https:\/\/edutalent.es\/ca\/","logo":{"@type":"ImageObject","inLanguage":"ca","@id":"https:\/\/edutalent.es\/ca\/#\/schema\/logo\/image\/","url":"https:\/\/edutalent.es\/wp-content\/uploads\/2023\/05\/logo-edutalent.png","contentUrl":"https:\/\/edutalent.es\/wp-content\/uploads\/2023\/05\/logo-edutalent.png","width":418,"height":103,"caption":"Edutalent"},"image":{"@id":"https:\/\/edutalent.es\/ca\/#\/schema\/logo\/image\/"},"sameAs":["https:\/\/www.instagram.com\/edutalent.es\/"]}]}},"_links":{"self":[{"href":"https:\/\/edutalent.es\/ca\/wp-json\/wp\/v2\/docs\/3313","targetHints":{"allow":["GET"]}}],"collection":[{"href":"https:\/\/edutalent.es\/ca\/wp-json\/wp\/v2\/docs"}],"about":[{"href":"https:\/\/edutalent.es\/ca\/wp-json\/wp\/v2\/types\/docs"}],"author":[{"embeddable":true,"href":"https:\/\/edutalent.es\/ca\/wp-json\/wp\/v2\/users\/2"}],"replies":[{"embeddable":true,"href":"https:\/\/edutalent.es\/ca\/wp-json\/wp\/v2\/comments?post=3313"}],"version-history":[{"count":0,"href":"https:\/\/edutalent.es\/ca\/wp-json\/wp\/v2\/docs\/3313\/revisions"}],"wp:attachment":[{"href":"https:\/\/edutalent.es\/ca\/wp-json\/wp\/v2\/media?parent=3313"}],"wp:term":[{"taxonomy":"doc_category","embeddable":true,"href":"https:\/\/edutalent.es\/ca\/wp-json\/wp\/v2\/doc_category?post=3313"},{"taxonomy":"doc_tag","embeddable":true,"href":"https:\/\/edutalent.es\/ca\/wp-json\/wp\/v2\/doc_tag?post=3313"}],"curies":[{"name":"wp","href":"https:\/\/api.w.org\/{rel}","templated":true}]}}

<p>Per descomptat, pots donar de baixa quan vulguis, però no es torna el període ja cobrat, ja que depenem de l&#8217;accés a les nostres dades. Això sí, no se&#8217;t cobrarà l&#8217;any que ve de nou un cop cancel·lis el teu pla.</p>

Facturació

<!-- This site is optimized with the Yoast SEO plugin v27.4 - https://yoast.com/product/yoast-seo-wordpress/ -->
<title>Puc donar de baixa el meu compte de col·legi? - Edutalent</title>
<meta name="robots" content="index, follow, max-snippet:-1, max-image-preview:large, max-video-preview:-1" />
<link rel="canonical" href="https://edutalent.es/ca/docs/puc-donar-de-baixa-el-meu-compte-de-collegi/" />
<meta property="og:locale" content="ca_ES" />
<meta property="og:type" content="article" />
<meta property="og:title" content="Puc donar de baixa el meu compte de col·legi? - Edutalent" />
<meta property="og:description" content="Per descomptat, pots donar de baixa quan vulguis, però no es torna el període ja cobrat, ja que depenem de l&#8217;accés a les nostres dades. Això sí, no se&#8217;t cobrarà l&#8217;any que ve de nou un cop cancel·lis el teu pla." />
<meta property="og:url" content="https://edutalent.es/ca/docs/puc-donar-de-baixa-el-meu-compte-de-collegi/" />
<meta property="og:site_name" content="Edutalent" />
<meta property="article:modified_time" content="2024-12-14T08:40:37+00:00" />
<meta name="twitter:card" content="summary_large_image" />
<script type="application/ld+json" class="yoast-schema-graph">{"@context":"https:\/\/schema.org","@graph":[{"@type":"WebPage","@id":"https:\/\/edutalent.es\/ca\/docs\/puc-donar-de-baixa-el-meu-compte-de-collegi\/","url":"https:\/\/edutalent.es\/ca\/docs\/puc-donar-de-baixa-el-meu-compte-de-collegi\/","name":"Puc donar de baixa el meu compte de col·legi? - Edutalent","isPartOf":{"@id":"https:\/\/edutalent.es\/ca\/#website"},"datePublished":"2023-05-16T15:05:27+00:00","dateModified":"2024-12-14T08:40:37+00:00","breadcrumb":{"@id":"https:\/\/edutalent.es\/ca\/docs\/puc-donar-de-baixa-el-meu-compte-de-collegi\/#breadcrumb"},"inLanguage":"ca","potentialAction":[{"@type":"ReadAction","target":["https:\/\/edutalent.es\/ca\/docs\/puc-donar-de-baixa-el-meu-compte-de-collegi\/"]}]},{"@type":"BreadcrumbList","@id":"https:\/\/edutalent.es\/ca\/docs\/puc-donar-de-baixa-el-meu-compte-de-collegi\/#breadcrumb","itemListElement":[{"@type":"ListItem","position":1,"name":"Portada","item":"https:\/\/edutalent.es\/ca\/"},{"@type":"ListItem","position":2,"name":"Docs","item":"https:\/\/edutalent.es\/ca\/docs\/"},{"@type":"ListItem","position":3,"name":"Puc donar de baixa el meu compte de col·legi?"}]},{"@type":"WebSite","@id":"https:\/\/edutalent.es\/ca\/#website","url":"https:\/\/edutalent.es\/ca\/","name":"Edutalent","description":"SaaS application company","publisher":{"@id":"https:\/\/edutalent.es\/ca\/#organization"},"potentialAction":[{"@type":"SearchAction","target":{"@type":"EntryPoint","urlTemplate":"https:\/\/edutalent.es\/ca\/?s={search_term_string}"},"query-input":{"@type":"PropertyValueSpecification","valueRequired":true,"valueName":"search_term_string"}}],"inLanguage":"ca"},{"@type":"Organization","@id":"https:\/\/edutalent.es\/ca\/#organization","name":"Edutalent","url":"https:\/\/edutalent.es\/ca\/","logo":{"@type":"ImageObject","inLanguage":"ca","@id":"https:\/\/edutalent.es\/ca\/#\/schema\/logo\/image\/","url":"https:\/\/edutalent.es\/wp-content\/uploads\/2023\/05\/logo-edutalent.png","contentUrl":"https:\/\/edutalent.es\/wp-content\/uploads\/2023\/05\/logo-edutalent.png","width":418,"height":103,"caption":"Edutalent"},"image":{"@id":"https:\/\/edutalent.es\/ca\/#\/schema\/logo\/image\/"},"sameAs":["https:\/\/www.instagram.com\/edutalent.es\/"]}]}</script>
<!-- / Yoast SEO plugin. -->

Per descomptat, pots donar de baixa quan vulguis, però no es torna el període ja cobrat, ja que depenem de l&#8217;accés a les nostres dades. Això sí, no se&#8217;t cobrarà l&#8217;any que ve de nou un cop cancel·lis el teu pla.
